{"id":8214,"date":"2021-02-07T07:44:48","date_gmt":"2021-02-07T07:44:48","guid":{"rendered":"https:\/\/norbyfrolund.dk.185-210-177-22.wp06.comasys.dk\/?page_id=8214"},"modified":"2023-12-05T06:16:23","modified_gmt":"2023-12-05T06:16:23","slug":"8214-2","status":"publish","type":"page","link":"https:\/\/www.norbyfrolund.dk\/","title":{"rendered":"Forside"},"content":{"rendered":"<p>[et_pb_section fb_built=&#8221;1&#8243; admin_label=&#8221;Stor header parallax med tekst&#8221; module_id=&#8221;0&#8243; _builder_version=&#8221;4.16&#8243; background_image=&#8221;https:\/\/www.norbyfrolund.dk\/wp-content\/uploads\/2021\/01\/hjk-29-scaled.jpg&#8221; min_height=&#8221;130px&#8221; height=&#8221;529px&#8221; height_tablet=&#8221;600px&#8221; height_phone=&#8221;400px&#8221; height_last_edited=&#8221;on|phone&#8221; filter_saturate=&#8221;0%&#8221; filter_brightness=&#8221;92%&#8221; background_last_edited=&#8221;on|phone&#8221; background_image_tablet=&#8221;https:\/\/www.norbyfrolund.dk\/wp-content\/uploads\/2021\/01\/slider-header-top-banner-parallax-placeholder-6-tablet.jpg&#8221; background_image_phone=&#8221;https:\/\/www.norbyfrolund.dk\/wp-content\/uploads\/2021\/01\/slider-header-top-banner-parallax-placeholder-6-mobil.jpg&#8221; background_enable_image_tablet=&#8221;on&#8221; background_enable_image_phone=&#8221;on&#8221; parallax_tablet=&#8221;on&#8221; parallax_phone=&#8221;on&#8221; parallax_method_tablet=&#8221;off&#8221; parallax_method_phone=&#8221;off&#8221; background_enable_video_mp4_phone=&#8221;off&#8221; global_colors_info=&#8221;{}&#8221;][et_pb_row custom_padding_last_edited=&#8221;on|phone&#8221; _builder_version=&#8221;4.16&#8243; background_enable_color=&#8221;off&#8221; module_alignment=&#8221;center&#8221; min_height=&#8221;525px&#8221; height=&#8221;516px&#8221; custom_margin=&#8221;||8px||false|false&#8221; custom_padding=&#8221;8%||8%||true|false&#8221; custom_padding_tablet=&#8221;20%||20%||true|false&#8221; custom_padding_phone=&#8221;19%||19%||true|false&#8221; background_last_edited=&#8221;on|phone&#8221; global_colors_info=&#8221;{}&#8221;][et_pb_column type=&#8221;4_4&#8243; _builder_version=&#8221;4.16&#8243; custom_padding=&#8221;||||false|false&#8221; global_colors_info=&#8221;{}&#8221;][et_pb_text _builder_version=&#8221;4.16&#8243; text_font=&#8221;Verdana|700|||||||&#8221; text_font_size=&#8221;46px&#8221; text_letter_spacing=&#8221;1px&#8221; transform_scale=&#8221;92%|92%&#8221; text_orientation=&#8221;center&#8221; background_layout=&#8221;dark&#8221; min_height=&#8221;393px&#8221; custom_margin=&#8221;||0px||false|false&#8221; text_font_size_tablet=&#8221;38px&#8221; text_font_size_phone=&#8221;32px&#8221; text_font_size_last_edited=&#8221;on|desktop&#8221; text_text_shadow_style=&#8221;preset2&#8243; text_text_shadow_color=&#8221;#000000&#8243; global_colors_info=&#8221;{}&#8221;]<\/p>\n<p style=\"text-align: center;\">Velkommen<\/p>\n<p>&nbsp;<\/p>\n<h2>til psykolog- og konsulentfirmaet N\u00f8rby &amp; Fr\u00f8lund<\/h2>\n<p>[\/et_pb_text][\/et_pb_column][\/et_pb_row][\/et_pb_section][et_pb_section fb_built=&#8221;1&#8243; _builder_version=&#8221;4.16&#8243; _module_preset=&#8221;default&#8221; background_color=&#8221;#E6E6E6&#8243; global_colors_info=&#8221;{}&#8221;][et_pb_row _builder_version=&#8221;4.16&#8243; _module_preset=&#8221;default&#8221; global_colors_info=&#8221;{}&#8221;][et_pb_column type=&#8221;4_4&#8243; _builder_version=&#8221;4.16&#8243; _module_preset=&#8221;default&#8221; global_colors_info=&#8221;{}&#8221;][et_pb_text _builder_version=&#8221;4.16&#8243; _module_preset=&#8221;default&#8221; custom_padding=&#8221;10px|||||&#8221; global_colors_info=&#8221;{}&#8221;]<\/p>\n<h1 style=\"text-align: center;\"><strong>VORES KONCEPT<\/strong><\/h1>\n<p>Fra firmaets start i 2007 har vi haft et s\u00e6rligt koncept, hvor hurtig sagsekspedition er centralt. Vi \u00f8nsker at nedbringe ventetiden p\u00e5 psykologiske erkl\u00e6ringer, og er som regel i stand til at tilbyde en unders\u00f8gelsestid indenfor et par uger. Erkl\u00e6ringen kan, hvis intet andet er aftalt, forventes f\u00e6rdig en uge efter unders\u00f8gelsesdato. Dette er i h\u00f8j grad anerkendt af vore samarbejdspartnere.<\/p>\n<p><strong><\/strong>Erkl\u00e6ringer er en stor udgift for rekvirenten, ofte op til 25-28.000 kr. Derfor foretog vi en unders\u00f8gelse blandt jobcentrene for nogle \u00e5r siden, for at f\u00e5 input til hvorledes vi kunne lave et produkt, der b\u00e5de er af h\u00f8j faglig standard og som ikke udfordrer jobcentrenes\/rekvirentens \u00f8konomi un\u00f8digt. P\u00e5 baggrund af unders\u00f8gelsen blev det vedtaget, at jobcentrene\/rekvirenten skal sende fyldestg\u00f8rende sagsakter (se afsnittet &#8230;&#8230;&#8230;) til os inden unders\u00f8gelsen, og at jobcentrene\/rekvirenten selv, i de fleste tilf\u00e6lde, kan give borgerne en grundig tilbagemelding p\u00e5 erkl\u00e6ringerne. Dette skulle s\u00e5 suppleres med muligheden for at tilk\u00f8be et &#8216;Tilbagemeldingsm\u00f8de&#8217;, i de tilf\u00e6lde hvor s\u00e6rlige forhold taler for, at tilbagemeldingsm\u00f8det holdes hos os.<\/p>\n<p>En del af konceptet er ogs\u00e5, at inddrage de sagsakter der findes i sagen. Det giver mening for alle, ikke mindst for de borgere, som ofte har v\u00e6ret til mange unders\u00f8gelser. Sagsbehandlerne er tilfredse med at f\u00e5 et mere helhedsorienteret billede af borgerne, og for os giver det mening af f\u00e5 s\u00e5 dybt et kendskab til borgeren som muligt.\u00a0<\/p>\n<p>Dette koncept har vist sig s\u00e6rdeles holdbart.<\/p>\n<p><strong><\/strong><\/p>\n<p>[\/et_pb_text][\/et_pb_column][\/et_pb_row][\/et_pb_section][et_pb_section fb_built=&#8221;1&#8243; admin_label=&#8221;Kundeudtalelser&#8221; _builder_version=&#8221;4.16&#8243; custom_padding=&#8221;0%||0%||true|false&#8221; custom_padding_tablet=&#8221;0%||0%||true|false&#8221; custom_padding_phone=&#8221;0%||0%||true|false&#8221; global_colors_info=&#8221;{}&#8221;][et_pb_row column_structure=&#8221;1_3,1_3,1_3&#8243; use_custom_gutter=&#8221;on&#8221; gutter_width=&#8221;1&#8243; make_equal=&#8221;on&#8221; _builder_version=&#8221;4.16&#8243; width=&#8221;100%&#8221; custom_padding=&#8221;0px||0px|||&#8221; global_colors_info=&#8221;{}&#8221;][et_pb_column type=&#8221;1_3&#8243; _builder_version=&#8221;4.16&#8243; global_colors_info=&#8221;{}&#8221;][et_pb_testimonial portrait_url=&#8221;https:\/\/www.norbyfrolund.dk\/wp-content\/uploads\/2021\/01\/hjk-21-scaled.jpg&#8221; quote_icon=&#8221;off&#8221; portrait_width=&#8221;200px&#8221; portrait_height=&#8221;200px&#8221; _builder_version=&#8221;4.16&#8243; author_text_color=&#8221;#0c71c3&#8243; background_color=&#8221;#B2B2B2&#8243; custom_margin=&#8221;||0px||false|false&#8221; custom_padding=&#8221;14.9%|15%|29.5px|15%|false|true&#8221; custom_padding_tablet=&#8221;6%|12%|6%|12%|true|true&#8221; custom_padding_phone=&#8221;&#8221; custom_padding_last_edited=&#8221;on|desktop&#8221; child_filter_saturate=&#8221;0%&#8221; child_filter_brightness=&#8221;120%&#8221; child_filter_contrast=&#8221;101%&#8221; border_radii_portrait=&#8221;on|50%|50%|50%|50%&#8221; border_width_all_portrait=&#8221;5px&#8221; border_color_all_portrait=&#8221;#242021&#8243; global_colors_info=&#8221;{}&#8221;]<\/p>\n<h1><strong>Udredning borgere<\/strong><\/h1>\n<h4><strong>Bek\u00e6ftigelse, omskoling eller uddannelse?<\/strong><\/h4>\n<p>Med baggrund i vores mange\u00e5rige erfaring med at udarbejde psykologerkl\u00e6ringer fra et arbejdsmarkedsperspektiv ser vi os selv, som kvalificerede bidragydere i forhold til besk\u00e6ftigelsesindsatsen overfor borgere med andre problemer end ledighed.<\/p>\n<p>&nbsp;<\/p>\n<p>&nbsp;<\/p>\n<p>&nbsp;<\/p>\n<p>&nbsp;<\/p>\n<p>[\/et_pb_testimonial][\/et_pb_column][et_pb_column type=&#8221;1_3&#8243; _builder_version=&#8221;4.16&#8243; global_colors_info=&#8221;{}&#8221;][et_pb_testimonial portrait_url=&#8221;https:\/\/www.norbyfrolund.dk\/wp-content\/uploads\/2021\/01\/hjk-6-scaled.jpg&#8221; quote_icon=&#8221;off&#8221; portrait_width=&#8221;200px&#8221; portrait_height=&#8221;200px&#8221; _builder_version=&#8221;4.16&#8243; author_text_color=&#8221;#0c71c3&#8243; background_color=&#8221;#D6D6D6&#8243; custom_margin=&#8221;||0px||false|false&#8221; custom_padding=&#8221;14.9%|15%|31%|15%|false|true&#8221; custom_padding_tablet=&#8221;6%|12%|6%|12%|true|true&#8221; custom_padding_phone=&#8221;&#8221; custom_padding_last_edited=&#8221;on|desktop&#8221; child_filter_saturate=&#8221;0%&#8221; child_filter_brightness=&#8221;120%&#8221; child_filter_contrast=&#8221;101%&#8221; border_radii_portrait=&#8221;on|50%|50%|50%|50%&#8221; border_width_all_portrait=&#8221;5px&#8221; border_color_all_portrait=&#8221;#242021&#8243; global_colors_info=&#8221;{}&#8221;]<\/p>\n<h1><strong>Neuropsykologi<\/strong><\/h1>\n<h3><strong>Neuropsykologisk unders\u00f8gelse<\/strong><\/h3>\n<p><span>P\u00e5 baggrund af et st\u00f8rre testbatteri unders\u00f8ges det intellektuelle, kognitive og neuropsykologiske funktionsniveau.<\/span><\/p>\n<p>Da hver persons problemstilling er unik, arbejder vi ikke med et fast testbatteri. Hvilke tests der skal foretages, afg\u00f8r psykologen efter samtale med borger og p\u00e5 baggrund af sagens akter.<span><\/span><\/p>\n<p>[\/et_pb_testimonial][\/et_pb_column][et_pb_column type=&#8221;1_3&#8243; _builder_version=&#8221;4.16&#8243; global_colors_info=&#8221;{}&#8221;][et_pb_testimonial portrait_url=&#8221;https:\/\/www.norbyfrolund.dk\/wp-content\/uploads\/2021\/01\/hjk-123-scaled.jpg&#8221; quote_icon=&#8221;off&#8221; portrait_width=&#8221;200px&#8221; portrait_height=&#8221;200px&#8221; _builder_version=&#8221;4.16&#8243; author_text_color=&#8221;#0c71c3&#8243; background_color=&#8221;#B2B2B2&#8243; custom_margin=&#8221;||0px||false|false&#8221; custom_padding=&#8221;14.9%|15%|9%|15%|false|true&#8221; custom_padding_tablet=&#8221;6%|12%|6%|12%|true|true&#8221; custom_padding_phone=&#8221;&#8221; custom_padding_last_edited=&#8221;on|desktop&#8221; child_filter_saturate=&#8221;0%&#8221; child_filter_brightness=&#8221;120%&#8221; child_filter_contrast=&#8221;101%&#8221; border_radii_portrait=&#8221;on|50%|50%|50%|50%&#8221; border_width_all_portrait=&#8221;5px&#8221; border_color_all_portrait=&#8221;#242021&#8243; global_colors_info=&#8221;{}&#8221;]<\/p>\n<h1><strong>Erkl\u00e6ring<\/strong><\/h1>\n<p><strong>Arbejdspsykologisk erkl\u00e6ring<\/strong><\/p>\n<p><span>For bl.a. forsikringsselskaber og Arbejdsskadestyrelsen udf\u00e6rdiges arbejdspsykologiske erkl\u00e6ringer. I s\u00e5danne udredes formodede arbejdsbetingede lidelser, herunder stress, posttraumatisk belastningsreaktion (PTSD), toksiske p\u00e5virkninger, fysiske traumers indvirkning p\u00e5 funktionsniveauet, angst og depression.<\/span><\/p>\n<p><span><\/span><\/p>\n<p><span><\/span><\/p>\n<p><span><\/span><\/p>\n<p><span><\/span><\/p>\n<p><span><\/span><\/p>\n<p><span><\/span><\/p>\n<p><span><\/span><\/p>\n<p>[\/et_pb_testimonial][\/et_pb_column][\/et_pb_row][\/et_pb_section][et_pb_section fb_built=&#8221;1&#8243; admin_label=&#8221;Header Parallax&#8221; module_id=&#8221;0&#8243; _builder_version=&#8221;4.16&#8243; background_image=&#8221;https:\/\/www.norbyfrolund.dk\/wp-content\/uploads\/2021\/01\/hjk-18-scaled.jpg&#8221; height=&#8221;220px&#8221; height_tablet=&#8221;400px&#8221; height_phone=&#8221;300px&#8221; height_last_edited=&#8221;on|desktop&#8221; filter_saturate=&#8221;0%&#8221; filter_brightness=&#8221;89%&#8221; filter_contrast=&#8221;115%&#8221; background_last_edited=&#8221;on|phone&#8221; background_image_tablet=&#8221;https:\/\/www.norbyfrolund.dk\/wp-content\/uploads\/2021\/01\/slider-header-top-banner-parallax-placeholder-1-tablet.jpg&#8221; background_image_phone=&#8221;https:\/\/www.norbyfrolund.dk\/wp-content\/uploads\/2021\/01\/slider-header-top-banner-parallax-placeholder-1-mobil.jpg&#8221; background_enable_image_tablet=&#8221;on&#8221; background_enable_image_phone=&#8221;on&#8221; parallax_tablet=&#8221;on&#8221; parallax_phone=&#8221;on&#8221; parallax_method_tablet=&#8221;off&#8221; parallax_method_phone=&#8221;off&#8221; background_enable_video_mp4_phone=&#8221;off&#8221; global_colors_info=&#8221;{}&#8221;][et_pb_row _builder_version=&#8221;4.16&#8243; background_enable_color=&#8221;off&#8221; module_alignment=&#8221;center&#8221; global_colors_info=&#8221;{}&#8221;][et_pb_column type=&#8221;4_4&#8243; _builder_version=&#8221;4.16&#8243; custom_padding=&#8221;||||false|false&#8221; global_colors_info=&#8221;{}&#8221;][et_pb_text _builder_version=&#8221;4.19.4&#8243; _module_preset=&#8221;default&#8221; text_text_color=&#8221;#FFFFFF&#8221; header_text_align=&#8221;center&#8221; header_text_color=&#8221;#FFFFFF&#8221; header_font_size=&#8221;40px&#8221; background_layout=&#8221;dark&#8221; filter_saturate=&#8221;0%&#8221; filter_brightness=&#8221;200%&#8221; filter_contrast=&#8221;200%&#8221; header_text_shadow_style=&#8221;preset1&#8243; global_colors_info=&#8221;{}&#8221;][\/et_pb_text][\/et_pb_column][\/et_pb_row][\/et_pb_section][et_pb_section fb_built=&#8221;1&#8243; _builder_version=&#8221;4.16&#8243; _module_preset=&#8221;default&#8221; global_colors_info=&#8221;{}&#8221;][et_pb_row column_structure=&#8221;1_2,1_2&#8243; _builder_version=&#8221;4.19.4&#8243; _module_preset=&#8221;default&#8221; global_colors_info=&#8221;{}&#8221;][et_pb_column type=&#8221;1_2&#8243; _builder_version=&#8221;4.16&#8243; _module_preset=&#8221;default&#8221; global_colors_info=&#8221;{}&#8221;][et_pb_text _builder_version=&#8221;4.16&#8243; _module_preset=&#8221;default&#8221; global_colors_info=&#8221;{}&#8221;]<\/p>\n<h1><strong>Hvem er vi?<\/strong><\/h1>\n<p><span>Psykologerne N\u00f8rby &amp; Fr\u00f8lund repr\u00e6senterer en bred vifte af viden indenfor det kliniske, det neuropsykologiske og det arbejdspsykologiske felt.<\/span><br \/><span>\u00a0<\/span><br \/><span>Vi holder os ajour med udviklingen p\u00e5 arbejdsmarkedet og baserer vores udredninger p\u00e5 den nyeste forskning indenfor de ovenn\u00e6vnte omr\u00e5der.<\/span><br \/><span>\u00a0<\/span><br \/><span>Vi samarbejder med en lang r\u00e6kke jobcentre og laver erkl\u00e6ringer for private, for forsikringsselskaber og flere styrelser.<\/span><\/p>\n<p><span><img loading=\"lazy\" decoding=\"async\" src=\"https:\/\/www.norbyfrolund.dk\/wp-content\/uploads\/2021\/02\/image-800x50x72x60-657242361463990802-kk-300x19.png\" width=\"355\" height=\"23\" alt=\"\" class=\"wp-image-8217 alignnone size-medium\" \/><\/span><\/p>\n<p>[\/et_pb_text][\/et_pb_column][et_pb_column type=&#8221;1_2&#8243; _builder_version=&#8221;4.16&#8243; _module_preset=&#8221;default&#8221; global_colors_info=&#8221;{}&#8221;][et_pb_text _builder_version=&#8221;4.19.4&#8243; _module_preset=&#8221;default&#8221; global_colors_info=&#8221;{}&#8221;]<\/p>\n<h1><strong>Faglig baggrund<\/strong><\/h1>\n<p><span>Vi repr\u00e6senterer en bred vifte af erfaringer indenfor det arbejdspsykologiske, revalideringspsykologiske, kliniske og neuropsykologiske omr\u00e5de.\u00a0<\/span><\/p>\n<p><span>Vores erfaring stammer fra mange\u00e5rig ans\u00e6ttelse p\u00e5 en arbejdsmedicinsk klinik, som konsulenter indenfor revalideringsomr\u00e5det, og fra forskning i klinisk neuropsykologi. Her for uden har vi arbejdet med organisations- og ledelsesudvikling p\u00e5 alle niveauer, i private s\u00e5vel som offentlige virksomheder.\u00a0<\/span><\/p>\n<p><span>\u00a0Vi holder os orienteret om den nyeste forskning indenfor de n\u00e6vnte omr\u00e5der.<\/span><\/p>\n<p>[\/et_pb_text][\/et_pb_column][\/et_pb_row][\/et_pb_section][et_pb_section fb_built=&#8221;1&#8243; admin_label=&#8221;Header Parallax&#8221; module_id=&#8221;0&#8243; _builder_version=&#8221;4.16&#8243; background_color=&#8221;#a0a0a0&#8243; background_image=&#8221;https:\/\/www.norbyfrolund.dk\/wp-content\/uploads\/2021\/01\/hjk-23-scaled.jpg&#8221; parallax=&#8221;on&#8221; parallax_method=&#8221;off&#8221; height=&#8221;220px&#8221; height_tablet=&#8221;400px&#8221; height_phone=&#8221;300px&#8221; height_last_edited=&#8221;on|desktop&#8221; custom_padding=&#8221;||58px|||&#8221; filter_saturate=&#8221;0%&#8221; filter_brightness=&#8221;89%&#8221; filter_contrast=&#8221;115%&#8221; background_last_edited=&#8221;on|phone&#8221; background_image_tablet=&#8221;https:\/\/www.norbyfrolund.dk\/wp-content\/uploads\/2021\/01\/slider-header-top-banner-parallax-placeholder-1-tablet.jpg&#8221; background_image_phone=&#8221;https:\/\/www.norbyfrolund.dk\/wp-content\/uploads\/2021\/01\/slider-header-top-banner-parallax-placeholder-1-mobil.jpg&#8221; background_enable_image_tablet=&#8221;on&#8221; background_enable_image_phone=&#8221;on&#8221; parallax_tablet=&#8221;on&#8221; parallax_phone=&#8221;on&#8221; parallax_method_tablet=&#8221;off&#8221; parallax_method_phone=&#8221;off&#8221; background_enable_video_mp4_phone=&#8221;off&#8221; global_colors_info=&#8221;{}&#8221;][et_pb_row _builder_version=&#8221;4.16&#8243; background_enable_color=&#8221;off&#8221; module_alignment=&#8221;center&#8221; global_colors_info=&#8221;{}&#8221;][et_pb_column type=&#8221;4_4&#8243; _builder_version=&#8221;4.16&#8243; custom_padding=&#8221;||||false|false&#8221; global_colors_info=&#8221;{}&#8221;][et_pb_text _builder_version=&#8221;4.16&#8243; _module_preset=&#8221;default&#8221; text_text_color=&#8221;#FFFFFF&#8221; header_text_align=&#8221;center&#8221; header_text_color=&#8221;#FFFFFF&#8221; header_font_size=&#8221;40px&#8221; background_layout=&#8221;dark&#8221; filter_saturate=&#8221;0%&#8221; filter_brightness=&#8221;200%&#8221; filter_contrast=&#8221;200%&#8221; text_text_shadow_style=&#8221;preset4&#8243; header_text_shadow_style=&#8221;preset1&#8243; global_colors_info=&#8221;{}&#8221;]<\/p>\n<h1><strong>Hurtig indkaldelse!<\/strong><\/h1>\n<p>[\/et_pb_text][\/et_pb_column][\/et_pb_row][\/et_pb_section]<\/p>\n","protected":false},"excerpt":{"rendered":"<p>Velkommen &nbsp; til psykolog- og konsulentfirmaet N\u00f8rby &amp; Fr\u00f8lundVORES KONCEPT Fra firmaets start i 2007 har vi haft et s\u00e6rligt koncept, hvor hurtig sagsekspedition er centralt. Vi \u00f8nsker at nedbringe ventetiden p\u00e5 psykologiske erkl\u00e6ringer, og er som regel i stand til at tilbyde en unders\u00f8gelsestid indenfor et par uger. Erkl\u00e6ringen kan, hvis intet andet er [&hellip;]<\/p>\n","protected":false},"author":1,"featured_media":0,"parent":0,"menu_order":0,"comment_status":"closed","ping_status":"closed","template":"","meta":{"_et_pb_use_builder":"on","_et_pb_old_content":"","_et_gb_content_width":"","footnotes":""},"_links":{"self":[{"href":"https:\/\/www.norbyfrolund.dk\/index.php?rest_route=\/wp\/v2\/pages\/8214"}],"collection":[{"href":"https:\/\/www.norbyfrolund.dk\/index.php?rest_route=\/wp\/v2\/pages"}],"about":[{"href":"https:\/\/www.norbyfrolund.dk\/index.php?rest_route=\/wp\/v2\/types\/page"}],"author":[{"embeddable":true,"href":"https:\/\/www.norbyfrolund.dk\/index.php?rest_route=\/wp\/v2\/users\/1"}],"replies":[{"embeddable":true,"href":"https:\/\/www.norbyfrolund.dk\/index.php?rest_route=%2Fwp%2Fv2%2Fcomments&post=8214"}],"version-history":[{"count":39,"href":"https:\/\/www.norbyfrolund.dk\/index.php?rest_route=\/wp\/v2\/pages\/8214\/revisions"}],"predecessor-version":[{"id":8413,"href":"https:\/\/www.norbyfrolund.dk\/index.php?rest_route=\/wp\/v2\/pages\/8214\/revisions\/8413"}],"wp:attachment":[{"href":"https:\/\/www.norbyfrolund.dk\/index.php?rest_route=%2Fwp%2Fv2%2Fmedia&parent=8214"}],"curies":[{"name":"wp","href":"https:\/\/api.w.org\/{rel}","templated":true}]}}